{"id":19709,"date":"2024-09-30T16:27:45","date_gmt":"2024-09-30T14:27:45","guid":{"rendered":"https:\/\/bikeyfasty.store\/?post_type=product&#038;p=19709"},"modified":"2026-01-26T21:44:16","modified_gmt":"2026-01-26T20:44:16","slug":"cube-nuroad-rookie-smokeyfirnorange-2023","status":"publish","type":"product","link":"https:\/\/bikeyfasty.store\/index.php\/produkt\/cube-nuroad-rookie-smokeyfirnorange-2023\/","title":{"rendered":"Cube Nuroad Rookie smokeyfir&#8217;n&#8217;orange-(2023)"},"content":{"rendered":"<div>\n<div class=\"flex justify-between items-center\">\n<h4 class=\"disclosure__title h5 mb-0\">Beschrijving<\/h4>\n<\/div>\n<\/div>\n<div class=\"disclosure__panel has-motion\">\n<div class=\"disclosure__content rte product-description\">\n<p>Wie met het hele gezin op reis is en opeens alleen maar terrein voor zich ziet, heeft met de Nuroad Rookie de minste zorgen. De robuuste 40 mm brede Schwalbe-banden op CUBE-schijfwielen bieden niet alleen veel grip, maar rollen ook comfortabel en soepel op zowel asfalt als grind. Met een full carbon vork kun je gewicht besparen en het rijcomfort optimaliseren, wat vooral jonge rijders waarderen op lange dagen in het zadel. Mechanische schijfremmen maken indruk met een onberispelijke remkwaliteit, zelfs in natte omstandigheden. En omdat de brede, grindspecifieke GRX 2&#215;10-versnellingen van Shimano zijn ge\u00efnstalleerd, wordt elke klim, hoe steil ook, kinderspel. Geen twijfel mogelijk, deze fiets houdt van avontuur &#8211; en avontuurlijke kinderen zijn dol op deze fiets!<\/p>\n<p>Met het Nuroad Rookie-frame ontmoet de offroad-competentie van cyclocross-modellen de wendbaarheid van racefietsen &#8211; gekruid met een paar uiterst nuttige mountainbikevaardigheden. Dit chassis is niet alleen perfect geproportioneerd en afgestemd op jonge rijders, maar wordt ook geleverd met veel hoogwaardige kenmerken: voldoende bandenspeling laat ruimte voor bredere banden. Schroefpunten voor bagagerekken en spatborden openen onvoorstelbare mogelijkheden als het gaat om het flexibel achteraf uitrusten met accessoires &#8211; en daarmee het vooruitzicht op langere avontuurlijke tochten. Er wordt zelfs een volledige carbon vork meegeleverd, die veel comfortabeler is om te rijden dan een aluminium vork.<\/p>\n<p><strong>Let op:\u00a0<\/strong>Vanwege het huidige tekort aan onderdelen worden sommige fietsen met verschillende kenmerken geleverd. De alternatieve componenten zijn echter van dezelfde kwaliteit als de originele componenten.<\/p>\n<\/div>\n<div>\n<div class=\"flex justify-between items-center\">\n<h2 class=\"disclosure__title h5 mb-0\">Specificaties<\/h2>\n<\/div>\n<\/div>\n<div class=\"disclosure__panel has-motion\">\n<div class=\"disclosure__content\">\n<table class=\"specification-table\">\n<tbody>\n<tr>\n<td>Modeljahr<\/td>\n<td>2023<\/td>\n<\/tr>\n<tr>\n<td>Zielgruppe<\/td>\n<td>Kinderen<\/td>\n<\/tr>\n<tr class=\"table-head-spacing\">\n<th>Ausstattung<\/th>\n<\/tr>\n<tr>\n<td>Modell:<\/td>\n<td>Nuroad Rookie<\/td>\n<\/tr>\n<tr>\n<td>Rahmen:<\/td>\n<td>Aluminium 6061 T6 Superlite, Gravel Comfort Geometry, Flat Mount Disc, Fender &amp; Rack Option, 12x142mm, AXH<\/td>\n<\/tr>\n<tr>\n<td>Gabel:<\/td>\n<td>CUBE Nuroad Flat Mount Disc, Full Carbon, 1 1\/8&#8243; &#8211; 1 1\/4&#8243; Tapered, Fender &amp; Lowrider Mounts, 12x100mm<\/td>\n<\/tr>\n<tr>\n<td>Steuersatz:<\/td>\n<td>VP Z-t, Top Zero-Stack 1 1\/8&#8243; (OD 44mm), Bottom Integrated 1 1\/4&#8243;<\/td>\n<\/tr>\n<tr>\n<td>Vorbau:<\/td>\n<td>CUBE Performance Stem SLX, 31.8mm<\/td>\n<\/tr>\n<tr>\n<td>Lenker:<\/td>\n<td>CUBE Gravel Race Bar<\/td>\n<\/tr>\n<tr>\n<td>Lenkerband:<\/td>\n<td>ACID Bartape CX<\/td>\n<\/tr>\n<tr>\n<td>Schaltwerk:<\/td>\n<td>Shimano GRX RD-RX400, 10-Speed<\/td>\n<\/tr>\n<tr>\n<td>Umwerfer:<\/td>\n<td>Shimano GRX FD-RX400<\/td>\n<\/tr>\n<tr>\n<td>Schalt- \/Bremsgriffeinheit:<\/td>\n<td>Shimano Tiagra ST-4700<\/td>\n<\/tr>\n<tr>\n<td>Bremse:<\/td>\n<td>Tektro MD-C510, Flat Mount (160\/160)<\/td>\n<\/tr>\n<tr>\n<td>Kurbelgarnitur:<\/td>\n<td>Shimano GRX FC-RX600, 46x30T<\/td>\n<\/tr>\n<tr>\n<td>Kassette:<\/td>\n<td>Shimano CS-HG50, 11-36T<\/td>\n<\/tr>\n<tr>\n<td>Kette:<\/td>\n<td>KMC X10<\/td>\n<\/tr>\n<tr>\n<td>Laufradsatz:<\/td>\n<td>CUBE GR 2.3 Disc<\/td>\n<\/tr>\n<tr>\n<td>Reifen:<\/td>\n<td>Schwalbe G-One Allround, Kevlar, 40-584<\/td>\n<\/tr>\n<tr>\n<td>Sattel:<\/td>\n<td>Natural Fit Venec Lite<\/td>\n<\/tr>\n<tr>\n<td>Sattelst\u00fctze:<\/td>\n<td>CUBE Performance Post, 27.2mm<\/td>\n<\/tr>\n<tr>\n<td>Sattelklemme:<\/td>\n<td>CUBE Nuroad Integrated Seat Clamp<\/td>\n<\/tr>\n<tr>\n<td>Gewicht:<\/td>\n<td>9,9 kg<\/td>\n<\/tr>\n<tr>\n<td>max. Systemgewicht:<\/td>\n<td>115 kg<\/td>\n<\/tr>\n<\/tbody>\n<\/table>\n<\/div>\n<\/div>\n<\/div>\n","protected":false},"excerpt":{"rendered":"<p>Aluminium 6061 T6 Superlite, Gravel Comfort Geometry, Flat Mount Disc, Fender &amp; Rack Option, 12x142mm, AXH<\/p>\n","protected":false},"featured_media":44442,"comment_status":"open","ping_status":"closed","template":"","meta":{"googlesitekit_rrm_CAowq6HFDA:productID":"","om_disable_all_campaigns":false,"_monsterinsights_skip_tracking":false,"_monsterinsights_sitenote_active":false,"_monsterinsights_sitenote_note":"","_monsterinsights_sitenote_category":0,"_uf_show_specific_survey":0,"_uf_disable_surveys":false},"product_brand":[],"product_cat":[693,697],"product_tag":[],"class_list":{"0":"post-19709","1":"product","2":"type-product","3":"status-publish","4":"has-post-thumbnail","6":"product_cat-fietsen","7":"product_cat-gravel-bikes","9":"first","10":"instock","11":"sale","12":"taxable","13":"shipping-taxable","14":"purchasable","15":"product-type-simple"},"aioseo_notices":[],"aioseo_head":"\n\t\t<!-- All in One SEO Pro 4.9.5.2 - aioseo.com -->\n\t<meta name=\"description\" content=\"Aluminium 6061 T6 Superlite, Gravel Comfort Geometry, Flat Mount Disc, Fender &amp; Rack Option, 12x142mm, AXH\" \/>\n\t<meta name=\"robots\" content=\"max-image-preview:large\" \/>\n\t<meta name=\"google-site-verification\" content=\"leF1qydUwZM4hbNEWkzXBgJ5cwNBnthZjCldnstJI-8\" \/>\n\t<meta name=\"msvalidate.01\" content=\"F4CE253B53A296EF4B982618F43BD699\" \/>\n\t<meta name=\"yandex-verification\" content=\"2c6c63eaf20e4d4b\" \/>\n\t<link rel=\"canonical\" href=\"https:\/\/bikeyfasty.store\/index.php\/produkt\/cube-nuroad-rookie-smokeyfirnorange-2023\/\" \/>\n\t<meta name=\"generator\" content=\"All in One SEO Pro (AIOSEO) 4.9.5.2\" \/>\n\t\t<meta property=\"og:locale\" content=\"de_DE\" \/>\n\t\t<meta property=\"og:site_name\" content=\"Bikey Fasty - Die bestenIhre besten Fahrr\u00e4der\" \/>\n\t\t<meta property=\"og:type\" content=\"article\" \/>\n\t\t<meta property=\"og:title\" content=\"Cube Nuroad Rookie smokeyfir\u2019n\u2019orange-(2023) - Bikey Fasty\" \/>\n\t\t<meta property=\"og:description\" content=\"Aluminium 6061 T6 Superlite, Gravel Comfort Geometry, Flat Mount Disc, Fender &amp; Rack Option, 12x142mm, AXH\" \/>\n\t\t<meta property=\"og:url\" content=\"https:\/\/bikeyfasty.store\/index.php\/produkt\/cube-nuroad-rookie-smokeyfirnorange-2023\/\" \/>\n\t\t<meta property=\"og:image\" content=\"https:\/\/bikeyfasty.store\/wp-content\/uploads\/2026\/01\/unnamed-file.png\" \/>\n\t\t<meta property=\"og:image:secure_url\" content=\"https:\/\/bikeyfasty.store\/wp-content\/uploads\/2026\/01\/unnamed-file.png\" \/>\n\t\t<meta property=\"og:image:width\" content=\"616\" \/>\n\t\t<meta property=\"og:image:height\" content=\"447\" \/>\n\t\t<meta property=\"article:published_time\" content=\"2024-09-30T14:27:45+00:00\" \/>\n\t\t<meta property=\"article:modified_time\" content=\"2026-01-26T20:44:16+00:00\" \/>\n\t\t<meta name=\"twitter:card\" content=\"summary_large_image\" \/>\n\t\t<meta name=\"twitter:title\" content=\"Cube Nuroad Rookie smokeyfir\u2019n\u2019orange-(2023) - Bikey Fasty\" \/>\n\t\t<meta name=\"twitter:description\" content=\"Aluminium 6061 T6 Superlite, Gravel Comfort Geometry, Flat Mount Disc, Fender &amp; Rack Option, 12x142mm, AXH\" \/>\n\t\t<meta name=\"twitter:image\" content=\"https:\/\/bikeyfasty.store\/wp-content\/uploads\/2026\/01\/unnamed-file.png\" \/>\n\t\t<script type=\"application\/ld+json\" class=\"aioseo-schema\">\n\t\t\t{\"@context\":\"https:\\\/\\\/schema.org\",\"@graph\":[{\"@type\":\"BreadcrumbList\",\"@id\":\"https:\\\/\\\/bikeyfasty.store\\\/index.php\\\/produkt\\\/cube-nuroad-rookie-smokeyfirnorange-2023\\\/#breadcrumblist\",\"itemListElement\":[{\"@type\":\"ListItem\",\"@id\":\"https:\\\/\\\/bikeyfasty.store#listItem\",\"position\":1,\"name\":\"Start\",\"item\":\"https:\\\/\\\/bikeyfasty.store\",\"nextItem\":{\"@type\":\"ListItem\",\"@id\":\"https:\\\/\\\/bikeyfasty.store\\\/index.php\\\/geschaft\\\/#listItem\",\"name\":\"Gesch\\u00e4ft\"}},{\"@type\":\"ListItem\",\"@id\":\"https:\\\/\\\/bikeyfasty.store\\\/index.php\\\/geschaft\\\/#listItem\",\"position\":2,\"name\":\"Gesch\\u00e4ft\",\"item\":\"https:\\\/\\\/bikeyfasty.store\\\/index.php\\\/geschaft\\\/\",\"nextItem\":{\"@type\":\"ListItem\",\"@id\":\"https:\\\/\\\/bikeyfasty.store\\\/index.php\\\/produkt-kategorie\\\/fietsen\\\/#listItem\",\"name\":\"Fietsen\"},\"previousItem\":{\"@type\":\"ListItem\",\"@id\":\"https:\\\/\\\/bikeyfasty.store#listItem\",\"name\":\"Start\"}},{\"@type\":\"ListItem\",\"@id\":\"https:\\\/\\\/bikeyfasty.store\\\/index.php\\\/produkt-kategorie\\\/fietsen\\\/#listItem\",\"position\":3,\"name\":\"Fietsen\",\"item\":\"https:\\\/\\\/bikeyfasty.store\\\/index.php\\\/produkt-kategorie\\\/fietsen\\\/\",\"nextItem\":{\"@type\":\"ListItem\",\"@id\":\"https:\\\/\\\/bikeyfasty.store\\\/index.php\\\/produkt-kategorie\\\/fietsen\\\/gravel-bikes\\\/#listItem\",\"name\":\"Gravel bikes\"},\"previousItem\":{\"@type\":\"ListItem\",\"@id\":\"https:\\\/\\\/bikeyfasty.store\\\/index.php\\\/geschaft\\\/#listItem\",\"name\":\"Gesch\\u00e4ft\"}},{\"@type\":\"ListItem\",\"@id\":\"https:\\\/\\\/bikeyfasty.store\\\/index.php\\\/produkt-kategorie\\\/fietsen\\\/gravel-bikes\\\/#listItem\",\"position\":4,\"name\":\"Gravel bikes\",\"item\":\"https:\\\/\\\/bikeyfasty.store\\\/index.php\\\/produkt-kategorie\\\/fietsen\\\/gravel-bikes\\\/\",\"nextItem\":{\"@type\":\"ListItem\",\"@id\":\"https:\\\/\\\/bikeyfasty.store\\\/index.php\\\/produkt\\\/cube-nuroad-rookie-smokeyfirnorange-2023\\\/#listItem\",\"name\":\"Cube Nuroad Rookie smokeyfir&#8217;n&#8217;orange-(2023)\"},\"previousItem\":{\"@type\":\"ListItem\",\"@id\":\"https:\\\/\\\/bikeyfasty.store\\\/index.php\\\/produkt-kategorie\\\/fietsen\\\/#listItem\",\"name\":\"Fietsen\"}},{\"@type\":\"ListItem\",\"@id\":\"https:\\\/\\\/bikeyfasty.store\\\/index.php\\\/produkt\\\/cube-nuroad-rookie-smokeyfirnorange-2023\\\/#listItem\",\"position\":5,\"name\":\"Cube Nuroad Rookie smokeyfir&#8217;n&#8217;orange-(2023)\",\"previousItem\":{\"@type\":\"ListItem\",\"@id\":\"https:\\\/\\\/bikeyfasty.store\\\/index.php\\\/produkt-kategorie\\\/fietsen\\\/gravel-bikes\\\/#listItem\",\"name\":\"Gravel bikes\"}}]},{\"@type\":\"ItemPage\",\"@id\":\"https:\\\/\\\/bikeyfasty.store\\\/index.php\\\/produkt\\\/cube-nuroad-rookie-smokeyfirnorange-2023\\\/#itempage\",\"url\":\"https:\\\/\\\/bikeyfasty.store\\\/index.php\\\/produkt\\\/cube-nuroad-rookie-smokeyfirnorange-2023\\\/\",\"name\":\"Cube Nuroad Rookie smokeyfir\\u2019n\\u2019orange-(2023) - Bikey Fasty\",\"description\":\"Aluminium 6061 T6 Superlite, Gravel Comfort Geometry, Flat Mount Disc, Fender & Rack Option, 12x142mm, AXH\",\"inLanguage\":\"de-DE\",\"isPartOf\":{\"@id\":\"https:\\\/\\\/bikeyfasty.store\\\/#website\"},\"breadcrumb\":{\"@id\":\"https:\\\/\\\/bikeyfasty.store\\\/index.php\\\/produkt\\\/cube-nuroad-rookie-smokeyfirnorange-2023\\\/#breadcrumblist\"},\"image\":{\"@type\":\"ImageObject\",\"url\":\"https:\\\/\\\/bikeyfasty.store\\\/wp-content\\\/uploads\\\/2025\\\/10\\\/zezz.webp\",\"@id\":\"https:\\\/\\\/bikeyfasty.store\\\/index.php\\\/produkt\\\/cube-nuroad-rookie-smokeyfirnorange-2023\\\/#mainImage\",\"width\":640,\"height\":367},\"primaryImageOfPage\":{\"@id\":\"https:\\\/\\\/bikeyfasty.store\\\/index.php\\\/produkt\\\/cube-nuroad-rookie-smokeyfirnorange-2023\\\/#mainImage\"},\"datePublished\":\"2024-09-30T16:27:45+02:00\",\"dateModified\":\"2026-01-26T21:44:16+01:00\"},{\"@type\":\"Organization\",\"@id\":\"https:\\\/\\\/bikeyfasty.store\\\/#organization\",\"name\":\"#Bikey Fasty BIKEY FASTY\",\"description\":\"Die bestenIhre besten Fahrr\\u00e4der Deine elektrische Mobilit\\u00e4t beginnt hier Die Zukunft der Mobilit\\u00e4t \\u2013 heute\",\"url\":\"https:\\\/\\\/bikeyfasty.store\\\/\",\"email\":\"contact@bikeyfasty.store\",\"telephone\":\"+4915510400141\",\"foundingDate\":\"1945-11-29\",\"numberOfEmployees\":{\"@type\":\"QuantitativeValue\",\"value\":27},\"logo\":{\"@type\":\"ImageObject\",\"url\":\"https:\\\/\\\/bikeyfasty.store\\\/wp-content\\\/uploads\\\/2026\\\/01\\\/unnamed-file.png\",\"@id\":\"https:\\\/\\\/bikeyfasty.store\\\/index.php\\\/produkt\\\/cube-nuroad-rookie-smokeyfirnorange-2023\\\/#organizationLogo\",\"width\":616,\"height\":447,\"caption\":\"( ( ( ( (\"},\"image\":{\"@id\":\"https:\\\/\\\/bikeyfasty.store\\\/index.php\\\/produkt\\\/cube-nuroad-rookie-smokeyfirnorange-2023\\\/#organizationLogo\"},\"address\":{\"@id\":\"https:\\\/\\\/bikeyfasty.store\\\/#postaladdress\",\"@type\":\"PostalAddress\",\"streetAddress\":\"Karl-Liebknecht-Str. 13,\",\"postalCode\":\"10178\",\"addressLocality\":\"Berlin\",\"addressRegion\":\"Berlin\",\"addressCountry\":\"DE\"}},{\"@type\":\"WebPage\",\"@id\":\"https:\\\/\\\/bikeyfasty.store\\\/index.php\\\/produkt\\\/cube-nuroad-rookie-smokeyfirnorange-2023\\\/#webpage\",\"url\":\"https:\\\/\\\/bikeyfasty.store\\\/index.php\\\/produkt\\\/cube-nuroad-rookie-smokeyfirnorange-2023\\\/\",\"name\":\"Cube Nuroad Rookie smokeyfir\\u2019n\\u2019orange-(2023) - Bikey Fasty\",\"description\":\"Aluminium 6061 T6 Superlite, Gravel Comfort Geometry, Flat Mount Disc, Fender & Rack Option, 12x142mm, AXH\",\"inLanguage\":\"de-DE\",\"isPartOf\":{\"@id\":\"https:\\\/\\\/bikeyfasty.store\\\/#website\"},\"breadcrumb\":{\"@id\":\"https:\\\/\\\/bikeyfasty.store\\\/index.php\\\/produkt\\\/cube-nuroad-rookie-smokeyfirnorange-2023\\\/#breadcrumblist\"},\"image\":{\"@type\":\"ImageObject\",\"url\":\"https:\\\/\\\/bikeyfasty.store\\\/wp-content\\\/uploads\\\/2025\\\/10\\\/zezz.webp\",\"@id\":\"https:\\\/\\\/bikeyfasty.store\\\/index.php\\\/produkt\\\/cube-nuroad-rookie-smokeyfirnorange-2023\\\/#mainImage\",\"width\":640,\"height\":367},\"primaryImageOfPage\":{\"@id\":\"https:\\\/\\\/bikeyfasty.store\\\/index.php\\\/produkt\\\/cube-nuroad-rookie-smokeyfirnorange-2023\\\/#mainImage\"},\"datePublished\":\"2024-09-30T16:27:45+02:00\",\"dateModified\":\"2026-01-26T21:44:16+01:00\"},{\"@type\":\"WebSite\",\"@id\":\"https:\\\/\\\/bikeyfasty.store\\\/#website\",\"url\":\"https:\\\/\\\/bikeyfasty.store\\\/\",\"name\":\"Bikey Fasty\",\"description\":\"Die bestenIhre besten Fahrr\\u00e4der\",\"inLanguage\":\"de-DE\",\"publisher\":{\"@id\":\"https:\\\/\\\/bikeyfasty.store\\\/#organization\"}}]}\n\t\t<\/script>\n\t\t<script type=\"text\/javascript\">\n\t\t\t(function(c,l,a,r,i,t,y){\n\t\t\tc[a]=c[a]||function(){(c[a].q=c[a].q||[]).push(arguments)};t=l.createElement(r);t.async=1;\n\t\t\tt.src=\"https:\/\/www.clarity.ms\/tag\/\"+i+\"?ref=aioseo\";y=l.getElementsByTagName(r)[0];y.parentNode.insertBefore(t,y);\n\t\t})(window, document, \"clarity\", \"script\", \"v74e4fvqvw\");\n\t\t<\/script>\n\t\t<!-- All in One SEO Pro -->\r\n\t\t<title>Cube Nuroad Rookie smokeyfir\u2019n\u2019orange-(2023) - Bikey Fasty<\/title>\n\n","aioseo_head_json":{"title":"Cube Nuroad Rookie smokeyfir\u2019n\u2019orange-(2023) - Bikey Fasty","description":"Aluminium 6061 T6 Superlite, Gravel Comfort Geometry, Flat Mount Disc, Fender & Rack Option, 12x142mm, AXH","canonical_url":"https:\/\/bikeyfasty.store\/index.php\/produkt\/cube-nuroad-rookie-smokeyfirnorange-2023\/","robots":"max-image-preview:large","keywords":"","webmasterTools":{"google-site-verification":"leF1qydUwZM4hbNEWkzXBgJ5cwNBnthZjCldnstJI-8","msvalidate.01":"F4CE253B53A296EF4B982618F43BD699","yandex-verification":"2c6c63eaf20e4d4b","miscellaneous":""},"schema":{"@context":"https:\/\/schema.org","@graph":[{"@type":"BreadcrumbList","@id":"https:\/\/bikeyfasty.store\/index.php\/produkt\/cube-nuroad-rookie-smokeyfirnorange-2023\/#breadcrumblist","itemListElement":[{"@type":"ListItem","@id":"https:\/\/bikeyfasty.store#listItem","position":1,"name":"Start","item":"https:\/\/bikeyfasty.store","nextItem":{"@type":"ListItem","@id":"https:\/\/bikeyfasty.store\/index.php\/geschaft\/#listItem","name":"Gesch\u00e4ft"}},{"@type":"ListItem","@id":"https:\/\/bikeyfasty.store\/index.php\/geschaft\/#listItem","position":2,"name":"Gesch\u00e4ft","item":"https:\/\/bikeyfasty.store\/index.php\/geschaft\/","nextItem":{"@type":"ListItem","@id":"https:\/\/bikeyfasty.store\/index.php\/produkt-kategorie\/fietsen\/#listItem","name":"Fietsen"},"previousItem":{"@type":"ListItem","@id":"https:\/\/bikeyfasty.store#listItem","name":"Start"}},{"@type":"ListItem","@id":"https:\/\/bikeyfasty.store\/index.php\/produkt-kategorie\/fietsen\/#listItem","position":3,"name":"Fietsen","item":"https:\/\/bikeyfasty.store\/index.php\/produkt-kategorie\/fietsen\/","nextItem":{"@type":"ListItem","@id":"https:\/\/bikeyfasty.store\/index.php\/produkt-kategorie\/fietsen\/gravel-bikes\/#listItem","name":"Gravel bikes"},"previousItem":{"@type":"ListItem","@id":"https:\/\/bikeyfasty.store\/index.php\/geschaft\/#listItem","name":"Gesch\u00e4ft"}},{"@type":"ListItem","@id":"https:\/\/bikeyfasty.store\/index.php\/produkt-kategorie\/fietsen\/gravel-bikes\/#listItem","position":4,"name":"Gravel bikes","item":"https:\/\/bikeyfasty.store\/index.php\/produkt-kategorie\/fietsen\/gravel-bikes\/","nextItem":{"@type":"ListItem","@id":"https:\/\/bikeyfasty.store\/index.php\/produkt\/cube-nuroad-rookie-smokeyfirnorange-2023\/#listItem","name":"Cube Nuroad Rookie smokeyfir&#8217;n&#8217;orange-(2023)"},"previousItem":{"@type":"ListItem","@id":"https:\/\/bikeyfasty.store\/index.php\/produkt-kategorie\/fietsen\/#listItem","name":"Fietsen"}},{"@type":"ListItem","@id":"https:\/\/bikeyfasty.store\/index.php\/produkt\/cube-nuroad-rookie-smokeyfirnorange-2023\/#listItem","position":5,"name":"Cube Nuroad Rookie smokeyfir&#8217;n&#8217;orange-(2023)","previousItem":{"@type":"ListItem","@id":"https:\/\/bikeyfasty.store\/index.php\/produkt-kategorie\/fietsen\/gravel-bikes\/#listItem","name":"Gravel bikes"}}]},{"@type":"ItemPage","@id":"https:\/\/bikeyfasty.store\/index.php\/produkt\/cube-nuroad-rookie-smokeyfirnorange-2023\/#itempage","url":"https:\/\/bikeyfasty.store\/index.php\/produkt\/cube-nuroad-rookie-smokeyfirnorange-2023\/","name":"Cube Nuroad Rookie smokeyfir\u2019n\u2019orange-(2023) - Bikey Fasty","description":"Aluminium 6061 T6 Superlite, Gravel Comfort Geometry, Flat Mount Disc, Fender & Rack Option, 12x142mm, AXH","inLanguage":"de-DE","isPartOf":{"@id":"https:\/\/bikeyfasty.store\/#website"},"breadcrumb":{"@id":"https:\/\/bikeyfasty.store\/index.php\/produkt\/cube-nuroad-rookie-smokeyfirnorange-2023\/#breadcrumblist"},"image":{"@type":"ImageObject","url":"https:\/\/bikeyfasty.store\/wp-content\/uploads\/2025\/10\/zezz.webp","@id":"https:\/\/bikeyfasty.store\/index.php\/produkt\/cube-nuroad-rookie-smokeyfirnorange-2023\/#mainImage","width":640,"height":367},"primaryImageOfPage":{"@id":"https:\/\/bikeyfasty.store\/index.php\/produkt\/cube-nuroad-rookie-smokeyfirnorange-2023\/#mainImage"},"datePublished":"2024-09-30T16:27:45+02:00","dateModified":"2026-01-26T21:44:16+01:00"},{"@type":"Organization","@id":"https:\/\/bikeyfasty.store\/#organization","name":"#Bikey Fasty BIKEY FASTY","description":"Die bestenIhre besten Fahrr\u00e4der Deine elektrische Mobilit\u00e4t beginnt hier Die Zukunft der Mobilit\u00e4t \u2013 heute","url":"https:\/\/bikeyfasty.store\/","email":"contact@bikeyfasty.store","telephone":"+4915510400141","foundingDate":"1945-11-29","numberOfEmployees":{"@type":"QuantitativeValue","value":27},"logo":{"@type":"ImageObject","url":"https:\/\/bikeyfasty.store\/wp-content\/uploads\/2026\/01\/unnamed-file.png","@id":"https:\/\/bikeyfasty.store\/index.php\/produkt\/cube-nuroad-rookie-smokeyfirnorange-2023\/#organizationLogo","width":616,"height":447,"caption":"( ( ( ( ("},"image":{"@id":"https:\/\/bikeyfasty.store\/index.php\/produkt\/cube-nuroad-rookie-smokeyfirnorange-2023\/#organizationLogo"},"address":{"@id":"https:\/\/bikeyfasty.store\/#postaladdress","@type":"PostalAddress","streetAddress":"Karl-Liebknecht-Str. 13,","postalCode":"10178","addressLocality":"Berlin","addressRegion":"Berlin","addressCountry":"DE"}},{"@type":"WebPage","@id":"https:\/\/bikeyfasty.store\/index.php\/produkt\/cube-nuroad-rookie-smokeyfirnorange-2023\/#webpage","url":"https:\/\/bikeyfasty.store\/index.php\/produkt\/cube-nuroad-rookie-smokeyfirnorange-2023\/","name":"Cube Nuroad Rookie smokeyfir\u2019n\u2019orange-(2023) - Bikey Fasty","description":"Aluminium 6061 T6 Superlite, Gravel Comfort Geometry, Flat Mount Disc, Fender & Rack Option, 12x142mm, AXH","inLanguage":"de-DE","isPartOf":{"@id":"https:\/\/bikeyfasty.store\/#website"},"breadcrumb":{"@id":"https:\/\/bikeyfasty.store\/index.php\/produkt\/cube-nuroad-rookie-smokeyfirnorange-2023\/#breadcrumblist"},"image":{"@type":"ImageObject","url":"https:\/\/bikeyfasty.store\/wp-content\/uploads\/2025\/10\/zezz.webp","@id":"https:\/\/bikeyfasty.store\/index.php\/produkt\/cube-nuroad-rookie-smokeyfirnorange-2023\/#mainImage","width":640,"height":367},"primaryImageOfPage":{"@id":"https:\/\/bikeyfasty.store\/index.php\/produkt\/cube-nuroad-rookie-smokeyfirnorange-2023\/#mainImage"},"datePublished":"2024-09-30T16:27:45+02:00","dateModified":"2026-01-26T21:44:16+01:00"},{"@type":"WebSite","@id":"https:\/\/bikeyfasty.store\/#website","url":"https:\/\/bikeyfasty.store\/","name":"Bikey Fasty","description":"Die bestenIhre besten Fahrr\u00e4der","inLanguage":"de-DE","publisher":{"@id":"https:\/\/bikeyfasty.store\/#organization"}}]},"og:locale":"de_DE","og:site_name":"Bikey Fasty - Die bestenIhre besten Fahrr\u00e4der","og:type":"article","og:title":"Cube Nuroad Rookie smokeyfir\u2019n\u2019orange-(2023) - Bikey Fasty","og:description":"Aluminium 6061 T6 Superlite, Gravel Comfort Geometry, Flat Mount Disc, Fender &amp; Rack Option, 12x142mm, AXH","og:url":"https:\/\/bikeyfasty.store\/index.php\/produkt\/cube-nuroad-rookie-smokeyfirnorange-2023\/","og:image":"https:\/\/bikeyfasty.store\/wp-content\/uploads\/2026\/01\/unnamed-file.png","og:image:secure_url":"https:\/\/bikeyfasty.store\/wp-content\/uploads\/2026\/01\/unnamed-file.png","og:image:width":616,"og:image:height":447,"article:published_time":"2024-09-30T14:27:45+00:00","article:modified_time":"2026-01-26T20:44:16+00:00","twitter:card":"summary_large_image","twitter:title":"Cube Nuroad Rookie smokeyfir\u2019n\u2019orange-(2023) - Bikey Fasty","twitter:description":"Aluminium 6061 T6 Superlite, Gravel Comfort Geometry, Flat Mount Disc, Fender &amp; Rack Option, 12x142mm, AXH","twitter:image":"https:\/\/bikeyfasty.store\/wp-content\/uploads\/2026\/01\/unnamed-file.png"},"aioseo_meta_data":{"post_id":"19709","title":null,"description":null,"keywords":null,"keyphrases":{"focus":{"keyphrase":"Cube Nuroad Rookie smokeyfir'n'orange-(2023)","score":0,"analysis":[]}},"primary_term":null,"canonical_url":null,"og_title":null,"og_description":null,"og_object_type":"default","og_image_type":"default","og_image_url":null,"og_image_width":null,"og_image_height":null,"og_image_custom_url":null,"og_image_custom_fields":null,"og_video":"","og_custom_url":null,"og_article_section":null,"og_article_tags":null,"twitter_use_og":false,"twitter_card":"default","twitter_image_type":"default","twitter_image_url":null,"twitter_image_custom_url":null,"twitter_image_custom_fields":null,"twitter_title":null,"twitter_description":null,"schema":{"blockGraphs":[],"customGraphs":[],"default":{"data":{"Article":[],"Course":[],"Dataset":[],"FAQPage":[],"Movie":[],"Person":[],"Product":[],"ProductReview":[],"Car":[],"Recipe":[],"Service":[],"SoftwareApplication":[],"WebPage":[]},"graphName":"ItemPage","isEnabled":true},"graphs":[]},"schema_type":"default","schema_type_options":null,"pillar_content":false,"robots_default":true,"robots_noindex":false,"robots_noarchive":false,"robots_nosnippet":false,"robots_nofollow":false,"robots_noimageindex":false,"robots_noodp":false,"robots_notranslate":false,"robots_max_snippet":"-1","robots_max_videopreview":"-1","robots_max_imagepreview":"large","priority":null,"frequency":"default","local_seo":null,"seo_analyzer_scan_date":"2026-02-04 20:35:39","breadcrumb_settings":null,"limit_modified_date":false,"reviewed_by":"0","open_ai":null,"ai":{"faqs":[],"keyPoints":[],"titles":[],"descriptions":[],"socialPosts":{"email":[],"linkedin":[],"twitter":[],"facebook":[],"instagram":[]}},"created":"2025-10-15 06:58:55","updated":"2026-02-04 20:35:39"},"aioseo_breadcrumb":"<div class=\"aioseo-breadcrumbs\"><span class=\"aioseo-breadcrumb\">\n\t<a href=\"https:\/\/bikeyfasty.store\" title=\"Start\">Start<\/a>\n<\/span><span class=\"aioseo-breadcrumb-separator\">\u00bb<\/span><span class=\"aioseo-breadcrumb\">\n\t<a href=\"https:\/\/bikeyfasty.store\/index.php\/geschaft\/\" title=\"Gesch\u00e4ft\">Gesch\u00e4ft<\/a>\n<\/span><span class=\"aioseo-breadcrumb-separator\">\u00bb<\/span><span class=\"aioseo-breadcrumb\">\n\t<a href=\"https:\/\/bikeyfasty.store\/index.php\/produkt-kategorie\/fietsen\/\" title=\"Fietsen\">Fietsen<\/a>\n<\/span><span class=\"aioseo-breadcrumb-separator\">\u00bb<\/span><span class=\"aioseo-breadcrumb\">\n\t<a href=\"https:\/\/bikeyfasty.store\/index.php\/produkt-kategorie\/fietsen\/gravel-bikes\/\" title=\"Gravel bikes\">Gravel bikes<\/a>\n<\/span><span class=\"aioseo-breadcrumb-separator\">\u00bb<\/span><span class=\"aioseo-breadcrumb\">\n\tCube Nuroad Rookie smokeyfir\u2019n\u2019orange-(2023)\n<\/span><\/div>","aioseo_breadcrumb_json":[{"label":"Start","link":"https:\/\/bikeyfasty.store"},{"label":"Gesch\u00e4ft","link":"https:\/\/bikeyfasty.store\/index.php\/geschaft\/"},{"label":"Fietsen","link":"https:\/\/bikeyfasty.store\/index.php\/produkt-kategorie\/fietsen\/"},{"label":"Gravel bikes","link":"https:\/\/bikeyfasty.store\/index.php\/produkt-kategorie\/fietsen\/gravel-bikes\/"},{"label":"Cube Nuroad Rookie smokeyfir&#8217;n&#8217;orange-(2023)","link":"https:\/\/bikeyfasty.store\/index.php\/produkt\/cube-nuroad-rookie-smokeyfirnorange-2023\/"}],"_links":{"self":[{"href":"https:\/\/bikeyfasty.store\/index.php\/wp-json\/wp\/v2\/product\/19709","targetHints":{"allow":["GET"]}}],"collection":[{"href":"https:\/\/bikeyfasty.store\/index.php\/wp-json\/wp\/v2\/product"}],"about":[{"href":"https:\/\/bikeyfasty.store\/index.php\/wp-json\/wp\/v2\/types\/product"}],"replies":[{"embeddable":true,"href":"https:\/\/bikeyfasty.store\/index.php\/wp-json\/wp\/v2\/comments?post=19709"}],"version-history":[{"count":3,"href":"https:\/\/bikeyfasty.store\/index.php\/wp-json\/wp\/v2\/product\/19709\/revisions"}],"predecessor-version":[{"id":52054,"href":"https:\/\/bikeyfasty.store\/index.php\/wp-json\/wp\/v2\/product\/19709\/revisions\/52054"}],"wp:featuredmedia":[{"embeddable":true,"href":"https:\/\/bikeyfasty.store\/index.php\/wp-json\/wp\/v2\/media\/44442"}],"wp:attachment":[{"href":"https:\/\/bikeyfasty.store\/index.php\/wp-json\/wp\/v2\/media?parent=19709"}],"wp:term":[{"taxonomy":"product_brand","embeddable":true,"href":"https:\/\/bikeyfasty.store\/index.php\/wp-json\/wp\/v2\/product_brand?post=19709"},{"taxonomy":"product_cat","embeddable":true,"href":"https:\/\/bikeyfasty.store\/index.php\/wp-json\/wp\/v2\/product_cat?post=19709"},{"taxonomy":"product_tag","embeddable":true,"href":"https:\/\/bikeyfasty.store\/index.php\/wp-json\/wp\/v2\/product_tag?post=19709"}],"curies":[{"name":"wp","href":"https:\/\/api.w.org\/{rel}","templated":true}]}}