{"id":20248,"date":"2025-04-21T15:07:47","date_gmt":"2025-04-21T13:07:47","guid":{"rendered":"https:\/\/bikeyfasty.store\/?post_type=product&#038;p=20248"},"modified":"2026-02-19T20:20:21","modified_gmt":"2026-02-19T19:20:21","slug":"miniwalker-t10-pro","status":"publish","type":"product","link":"https:\/\/bikeyfasty.store\/index.php\/produkt\/miniwalker-t10-pro\/","title":{"rendered":"Miniwalker T10 Pro+70 km\/h 120 kg TFT LCD"},"content":{"rendered":"<p><strong>**Entfessle die Kraft:<\/strong>\u00a0Der Miniwalker T10 Pro+ E-Scooter ist mit\u00a0<strong>zwei leistungsstarken 1200W Nabenmotoren<\/strong>\u00a0ausgestattet. Erlebe das Gef\u00fchl von Freiheit, w\u00e4hrend du m\u00fchelos durch die Stadt und abenteuerliche Offroad-Strecken gleitest.<\/p>\n<p><strong>**Geschwindigkeit und Adrenalin:<\/strong>\u00a0Mit einer H\u00f6chstgeschwindigkeit von\u00a0<strong>70 km\/h<\/strong>\u00a0bietet dir der T10 Pro+ ein aufregendes Fahrerlebnis. Egal, ob auf dem Weg zur Arbeit oder bei Wochenendabenteuern \u2013 dieser Scooter sorgt f\u00fcr ein unvergessliches Fahrerlebnis.<\/p>\n<p><strong>**Unbegrenzte Reichweite:<\/strong>\u00a0Genie\u00dfe lange Fahrten mit einer beeindruckenden\u00a0<strong>Reichweite von 45-75 km<\/strong>. Erkunde die Stadt oder entdecke unber\u00fchrte Pfade \u2013 alles mit nur einer Akkuladung.<\/p>\n<p><strong>**Steile Anstiege meistern:<\/strong>\u00a0Bew\u00e4ltige\u00a0<strong>Steigungen<\/strong>\u00a0von bis zu\u00a0<strong>30\u00b0<\/strong>\u00a0m\u00fchelos. Mit dem T10 Pro+ wird jede Auffahrt zu einem aufregenden Teil deiner Fahrt.<\/p>\n<p><strong>**Robust und belastbar:<\/strong>\u00a0Mit einer\u00a0<strong>Tragf\u00e4higkeit\u00a0<\/strong>von\u00a0<strong>bis zu 120 kg<\/strong>\u00a0ist der Miniwalker T10 Pro+ f\u00fcr Fahrer jeder Gr\u00f6\u00dfe geeignet und bietet Komfort und Sicherheit.<\/p>\n<p><strong>**Zuverl\u00e4ssige Batterieleistung:<\/strong>\u00a0Angetrieben von einem leistungsstarken\u00a0<em><strong>60V 24Ah<\/strong>\u00a0<strong>Akku<\/strong><\/em>, garantiert dieser Scooter lange Fahrten, ohne dass du dir Sorgen um den Akku machen musst.<\/p>\n<p><strong>**Schnelles Aufladen:<\/strong>\u00a0Sei schnell wieder unterwegs mit einer\u00a0<strong>Ladezeit\u00a0<\/strong>von nur<strong>\u00a0360 Minuten<\/strong>. So kannst du mehr Zeit auf dem Scooter und weniger Zeit beim Warten verbringen.<\/p>\n<p><strong>**Fortschrittliche Sicherheit:<\/strong>\u00a0<strong>Sichere deinen Scooter mit einem digitalen Passwortschloss<\/strong>. So bleibt der Miniwalker T10 Pro+ jederzeit gesch\u00fctzt und du kannst beruhigt fahren.<\/p>\n<p><strong>**Beleuchte deinen Weg:<\/strong>\u00a0Gestalte deine Fahrt mit\u00a0<em><strong>anpassbaren RGB-Lichtern<\/strong><\/em>\u00a0und bleibe bei Nacht sichtbar dank\u00a0<em>leistungsstarker Scheinwerfer<\/em>\u00a0und\u00a0<em>integrierter Blinklichter<\/em>.<\/p>\n<p><strong>**Kristallklares Display:<\/strong>\u00a0Erlebe die Zukunft mit dem\u00a0<em><strong>panoramischen TFT-Display<\/strong><\/em>. Alle wichtigen Informationen hast du auf einen Blick und beh\u00e4ltst die Kontrolle.<\/p>\n<p><strong>**Immer verbunden:<\/strong>\u00a0Mit\u00a0<em><strong>zwei wasserfesten Ladeports<\/strong><\/em>\u00a0bleibst du auch unterwegs mit Energie versorgt. Halte deine Ger\u00e4te jederzeit einsatzbereit.<\/p>\n<p><strong>**Einfaches Falten:<\/strong>\u00a0Dank des\u00a0<strong>praktischen Faltmechanismus<\/strong>\u00a0l\u00e4sst sich der Miniwalker T10 Pro+ m\u00fchelos f\u00fcr die Lagerung und den Transport zusammenfalten.<\/p>\n<p><strong>**Volle Kontrolle:<\/strong>\u00a0Nutze das Vertrauen in die\u00a0<em><strong>hydraulischen und elektrischen Bremsen<\/strong><\/em>\u00a0vorne und hinten. Diese sorgen f\u00fcr \u00fcberlegene Bremskraft und maximale Sicherheit.<\/p>\n<p><strong>**Grip und Traktion:<\/strong>\u00a0Fahre stabil und wendig mit den\u00a0<strong>10\u00d73,0<em>\u2033 Pneumatikreifen<\/em><\/strong>. Ob auf der Stra\u00dfe oder im Gel\u00e4nde, diese Reifen bieten die perfekte Traktion.<\/p>\n<p>&nbsp;<\/p>\n<p><strong>Technische Daten<\/strong><\/p>\n<p><strong>Typ:<\/strong>\u00a0Urban und Offroad<\/p>\n<p><strong>Motor:<\/strong>\u00a060V 2*1200W Dualmotoren<\/p>\n<p><strong>Akku:<\/strong>\u00a060V 24Ah<\/p>\n<p><strong>Maximale Geschwindigkeit:<\/strong>\u00a070 km\/h<\/p>\n<p><strong>Steigf\u00e4higkeit:<\/strong>\u00a030\u00b0<\/p>\n<p><strong>Reichweite:<\/strong><\/p>\n<p>Doppelmotormodus: 45\u201350 km;<br \/>\nEinzelmotormodus: 60\u201375 km<\/p>\n<p><strong>Rahmenmaterial:<\/strong>\u00a0Ultra-robustes Aluminiumlegierung 6061<\/p>\n<p><strong>Reifen:<\/strong>\u00a010\u00d73,0\u2033 (Pneumatik)<\/p>\n<p><strong>Display:<\/strong>\u00a0Panoramisches TFT LCD<\/p>\n<p><strong>Maximalgewicht:<\/strong>\u00a0120 kg<\/p>\n<p><strong>Anzahl der Fahrstufen:<\/strong>\u00a03<\/p>\n<p><strong>Ladezeit:\u00a0<\/strong>(Einzel): 8\u201310 Stunden; (Doppel): 6\u20138 Stunden<\/p>\n<p><strong>Ladeports:<\/strong>\u00a02 x wasserfeste Ports<\/p>\n<p><strong>Licht:<\/strong>\u00a0Einstellbare RGB, Scheinwerfer, Front- und R\u00fccklichter, Bremslichter, Blinker<\/p>\n<p><strong>Hupe:<\/strong>\u00a0Ja<\/p>\n<p><strong>Federung:<\/strong>\u00a0Hochleistungsfederung vorne und hinten<\/p>\n<p><strong>Bremsen:<\/strong>\u00a0hydraulische Bremsen vorne &amp; hinten + elektrische Bremsen<\/p>\n<p><strong>Pole:<\/strong>\u00a0H\u00f6henverstellbar<\/p>\n<p><strong>Pedal:<\/strong>\u00a0Anti-Rutsch-Matte<\/p>\n<p><strong>Nettogewicht \/ Bruttogewicht:<\/strong>\u00a034 kg \/ 38 kg<\/p>\n<p><strong>Produktgr\u00f6\u00dfe:<\/strong>\u00a0130 x 60 x 121,5 cm (L<em>B<\/em>H)<\/p>\n<p><strong>Verpackungsgr\u00f6\u00dfe:<\/strong>\u00a0134 x 35 x 55 cm<\/p>\n","protected":false},"excerpt":{"rendered":"<p>Entfessle die Kraft:\u00a0Der Miniwalker T10 Pro+ E-Scooter ist mit\u00a0zwei leistungsstarken 1200W Nabenmotoren\u00a0ausgestattet. Erlebe das Gef\u00fchl von Freiheit, w\u00e4hrend du<\/p>\n","protected":false},"featured_media":20249,"comment_status":"open","ping_status":"closed","template":"","meta":{"googlesitekit_rrm_CAowq6HFDA:productID":"","om_disable_all_campaigns":false,"_monsterinsights_skip_tracking":false,"_monsterinsights_sitenote_active":false,"_monsterinsights_sitenote_note":"","_monsterinsights_sitenote_category":0,"_uf_show_specific_survey":0,"_uf_disable_surveys":false},"product_brand":[],"product_cat":[20],"product_tag":[],"class_list":{"0":"post-20248","1":"product","2":"type-product","3":"status-publish","4":"has-post-thumbnail","6":"product_cat-e-lieferroller","8":"first","9":"instock","10":"sale","11":"taxable","12":"shipping-taxable","13":"purchasable","14":"product-type-simple"},"aioseo_notices":[],"aioseo_head":"\n\t\t<!-- All in One SEO Pro 4.9.5.2 - aioseo.com -->\n\t<meta name=\"description\" content=\"Entfessle die Kraft: Der Miniwalker T10 Pro+ E-Scooter ist mit zwei leistungsstarken 1200W Nabenmotoren ausgestattet. Erlebe das Gef\u00fchl von Freiheit, w\u00e4hrend du\" \/>\n\t<meta name=\"robots\" content=\"max-image-preview:large\" \/>\n\t<meta name=\"google-site-verification\" content=\"leF1qydUwZM4hbNEWkzXBgJ5cwNBnthZjCldnstJI-8\" \/>\n\t<meta name=\"msvalidate.01\" content=\"F4CE253B53A296EF4B982618F43BD699\" \/>\n\t<meta name=\"yandex-verification\" content=\"2c6c63eaf20e4d4b\" \/>\n\t<link rel=\"canonical\" href=\"https:\/\/bikeyfasty.store\/index.php\/produkt\/miniwalker-t10-pro\/\" \/>\n\t<meta name=\"generator\" content=\"All in One SEO Pro (AIOSEO) 4.9.5.2\" \/>\n\t\t<meta property=\"og:locale\" content=\"de_DE\" \/>\n\t\t<meta property=\"og:site_name\" content=\"Bikey Fasty - Die bestenIhre besten Fahrr\u00e4der\" \/>\n\t\t<meta property=\"og:type\" content=\"article\" \/>\n\t\t<meta property=\"og:title\" content=\"Miniwalker T10 Pro+70 km\/h 120 kg TFT LCD - Bikey Fasty\" \/>\n\t\t<meta property=\"og:description\" content=\"Entfessle die Kraft: Der Miniwalker T10 Pro+ E-Scooter ist mit zwei leistungsstarken 1200W Nabenmotoren ausgestattet. Erlebe das Gef\u00fchl von Freiheit, w\u00e4hrend du\" \/>\n\t\t<meta property=\"og:url\" content=\"https:\/\/bikeyfasty.store\/index.php\/produkt\/miniwalker-t10-pro\/\" \/>\n\t\t<meta property=\"og:image\" content=\"https:\/\/bikeyfasty.store\/wp-content\/uploads\/2026\/01\/unnamed-file.png\" \/>\n\t\t<meta property=\"og:image:secure_url\" content=\"https:\/\/bikeyfasty.store\/wp-content\/uploads\/2026\/01\/unnamed-file.png\" \/>\n\t\t<meta property=\"og:image:width\" content=\"616\" \/>\n\t\t<meta property=\"og:image:height\" content=\"447\" \/>\n\t\t<meta property=\"article:published_time\" content=\"2025-04-21T13:07:47+00:00\" \/>\n\t\t<meta property=\"article:modified_time\" content=\"2026-02-19T19:20:21+00:00\" \/>\n\t\t<meta name=\"twitter:card\" content=\"summary_large_image\" \/>\n\t\t<meta name=\"twitter:title\" content=\"Miniwalker T10 Pro+70 km\/h 120 kg TFT LCD - Bikey Fasty\" \/>\n\t\t<meta name=\"twitter:description\" content=\"Entfessle die Kraft: Der Miniwalker T10 Pro+ E-Scooter ist mit zwei leistungsstarken 1200W Nabenmotoren ausgestattet. Erlebe das Gef\u00fchl von Freiheit, w\u00e4hrend du\" \/>\n\t\t<meta name=\"twitter:image\" content=\"https:\/\/bikeyfasty.store\/wp-content\/uploads\/2026\/01\/unnamed-file.png\" \/>\n\t\t<script type=\"application\/ld+json\" class=\"aioseo-schema\">\n\t\t\t{\"@context\":\"https:\\\/\\\/schema.org\",\"@graph\":[{\"@type\":\"BreadcrumbList\",\"@id\":\"https:\\\/\\\/bikeyfasty.store\\\/index.php\\\/produkt\\\/miniwalker-t10-pro\\\/#breadcrumblist\",\"itemListElement\":[{\"@type\":\"ListItem\",\"@id\":\"https:\\\/\\\/bikeyfasty.store#listItem\",\"position\":1,\"name\":\"Start\",\"item\":\"https:\\\/\\\/bikeyfasty.store\",\"nextItem\":{\"@type\":\"ListItem\",\"@id\":\"https:\\\/\\\/bikeyfasty.store\\\/index.php\\\/geschaft\\\/#listItem\",\"name\":\"Gesch\\u00e4ft\"}},{\"@type\":\"ListItem\",\"@id\":\"https:\\\/\\\/bikeyfasty.store\\\/index.php\\\/geschaft\\\/#listItem\",\"position\":2,\"name\":\"Gesch\\u00e4ft\",\"item\":\"https:\\\/\\\/bikeyfasty.store\\\/index.php\\\/geschaft\\\/\",\"nextItem\":{\"@type\":\"ListItem\",\"@id\":\"https:\\\/\\\/bikeyfasty.store\\\/index.php\\\/produkt-kategorie\\\/e-lieferroller\\\/#listItem\",\"name\":\"E-Lieferroller\"},\"previousItem\":{\"@type\":\"ListItem\",\"@id\":\"https:\\\/\\\/bikeyfasty.store#listItem\",\"name\":\"Start\"}},{\"@type\":\"ListItem\",\"@id\":\"https:\\\/\\\/bikeyfasty.store\\\/index.php\\\/produkt-kategorie\\\/e-lieferroller\\\/#listItem\",\"position\":3,\"name\":\"E-Lieferroller\",\"item\":\"https:\\\/\\\/bikeyfasty.store\\\/index.php\\\/produkt-kategorie\\\/e-lieferroller\\\/\",\"nextItem\":{\"@type\":\"ListItem\",\"@id\":\"https:\\\/\\\/bikeyfasty.store\\\/index.php\\\/produkt\\\/miniwalker-t10-pro\\\/#listItem\",\"name\":\"Miniwalker T10 Pro+70 km\\\/h 120 kg TFT LCD\"},\"previousItem\":{\"@type\":\"ListItem\",\"@id\":\"https:\\\/\\\/bikeyfasty.store\\\/index.php\\\/geschaft\\\/#listItem\",\"name\":\"Gesch\\u00e4ft\"}},{\"@type\":\"ListItem\",\"@id\":\"https:\\\/\\\/bikeyfasty.store\\\/index.php\\\/produkt\\\/miniwalker-t10-pro\\\/#listItem\",\"position\":4,\"name\":\"Miniwalker T10 Pro+70 km\\\/h 120 kg TFT LCD\",\"previousItem\":{\"@type\":\"ListItem\",\"@id\":\"https:\\\/\\\/bikeyfasty.store\\\/index.php\\\/produkt-kategorie\\\/e-lieferroller\\\/#listItem\",\"name\":\"E-Lieferroller\"}}]},{\"@type\":\"ItemPage\",\"@id\":\"https:\\\/\\\/bikeyfasty.store\\\/index.php\\\/produkt\\\/miniwalker-t10-pro\\\/#itempage\",\"url\":\"https:\\\/\\\/bikeyfasty.store\\\/index.php\\\/produkt\\\/miniwalker-t10-pro\\\/\",\"name\":\"Miniwalker T10 Pro+70 km\\\/h 120 kg TFT LCD - Bikey Fasty\",\"description\":\"Entfessle die Kraft: Der Miniwalker T10 Pro+ E-Scooter ist mit zwei leistungsstarken 1200W Nabenmotoren ausgestattet. Erlebe das Gef\\u00fchl von Freiheit, w\\u00e4hrend du\",\"inLanguage\":\"de-DE\",\"isPartOf\":{\"@id\":\"https:\\\/\\\/bikeyfasty.store\\\/#website\"},\"breadcrumb\":{\"@id\":\"https:\\\/\\\/bikeyfasty.store\\\/index.php\\\/produkt\\\/miniwalker-t10-pro\\\/#breadcrumblist\"},\"image\":{\"@type\":\"ImageObject\",\"url\":\"https:\\\/\\\/bikeyfasty.store\\\/wp-content\\\/uploads\\\/2025\\\/04\\\/fggffgfgfgfg.webp\",\"@id\":\"https:\\\/\\\/bikeyfasty.store\\\/index.php\\\/produkt\\\/miniwalker-t10-pro\\\/#mainImage\",\"width\":500,\"height\":500},\"primaryImageOfPage\":{\"@id\":\"https:\\\/\\\/bikeyfasty.store\\\/index.php\\\/produkt\\\/miniwalker-t10-pro\\\/#mainImage\"},\"datePublished\":\"2025-04-21T15:07:47+02:00\",\"dateModified\":\"2026-02-19T20:20:21+01:00\"},{\"@type\":\"Organization\",\"@id\":\"https:\\\/\\\/bikeyfasty.store\\\/#organization\",\"name\":\"#Bikey Fasty BIKEY FASTY\",\"description\":\"Die bestenIhre besten Fahrr\\u00e4der Deine elektrische Mobilit\\u00e4t beginnt hier Die Zukunft der Mobilit\\u00e4t \\u2013 heute\",\"url\":\"https:\\\/\\\/bikeyfasty.store\\\/\",\"email\":\"contact@bikeyfasty.store\",\"telephone\":\"+4915510400141\",\"foundingDate\":\"1945-11-29\",\"numberOfEmployees\":{\"@type\":\"QuantitativeValue\",\"value\":27},\"logo\":{\"@type\":\"ImageObject\",\"url\":\"https:\\\/\\\/bikeyfasty.store\\\/wp-content\\\/uploads\\\/2026\\\/01\\\/unnamed-file.png\",\"@id\":\"https:\\\/\\\/bikeyfasty.store\\\/index.php\\\/produkt\\\/miniwalker-t10-pro\\\/#organizationLogo\",\"width\":616,\"height\":447,\"caption\":\"( ( ( ( (\"},\"image\":{\"@id\":\"https:\\\/\\\/bikeyfasty.store\\\/index.php\\\/produkt\\\/miniwalker-t10-pro\\\/#organizationLogo\"},\"address\":{\"@id\":\"https:\\\/\\\/bikeyfasty.store\\\/#postaladdress\",\"@type\":\"PostalAddress\",\"streetAddress\":\"Karl-Liebknecht-Str. 13,\",\"postalCode\":\"10178\",\"addressLocality\":\"Berlin\",\"addressRegion\":\"Berlin\",\"addressCountry\":\"DE\"}},{\"@type\":\"WebPage\",\"@id\":\"https:\\\/\\\/bikeyfasty.store\\\/index.php\\\/produkt\\\/miniwalker-t10-pro\\\/#webpage\",\"url\":\"https:\\\/\\\/bikeyfasty.store\\\/index.php\\\/produkt\\\/miniwalker-t10-pro\\\/\",\"name\":\"Miniwalker T10 Pro+70 km\\\/h 120 kg TFT LCD - Bikey Fasty\",\"description\":\"Entfessle die Kraft: Der Miniwalker T10 Pro+ E-Scooter ist mit zwei leistungsstarken 1200W Nabenmotoren ausgestattet. Erlebe das Gef\\u00fchl von Freiheit, w\\u00e4hrend du\",\"inLanguage\":\"de-DE\",\"isPartOf\":{\"@id\":\"https:\\\/\\\/bikeyfasty.store\\\/#website\"},\"breadcrumb\":{\"@id\":\"https:\\\/\\\/bikeyfasty.store\\\/index.php\\\/produkt\\\/miniwalker-t10-pro\\\/#breadcrumblist\"},\"image\":{\"@type\":\"ImageObject\",\"url\":\"https:\\\/\\\/bikeyfasty.store\\\/wp-content\\\/uploads\\\/2025\\\/04\\\/fggffgfgfgfg.webp\",\"@id\":\"https:\\\/\\\/bikeyfasty.store\\\/index.php\\\/produkt\\\/miniwalker-t10-pro\\\/#mainImage\",\"width\":500,\"height\":500},\"primaryImageOfPage\":{\"@id\":\"https:\\\/\\\/bikeyfasty.store\\\/index.php\\\/produkt\\\/miniwalker-t10-pro\\\/#mainImage\"},\"datePublished\":\"2025-04-21T15:07:47+02:00\",\"dateModified\":\"2026-02-19T20:20:21+01:00\"},{\"@type\":\"WebSite\",\"@id\":\"https:\\\/\\\/bikeyfasty.store\\\/#website\",\"url\":\"https:\\\/\\\/bikeyfasty.store\\\/\",\"name\":\"Bikey Fasty\",\"description\":\"Die bestenIhre besten Fahrr\\u00e4der\",\"inLanguage\":\"de-DE\",\"publisher\":{\"@id\":\"https:\\\/\\\/bikeyfasty.store\\\/#organization\"}}]}\n\t\t<\/script>\n\t\t<script type=\"text\/javascript\">\n\t\t\t(function(c,l,a,r,i,t,y){\n\t\t\tc[a]=c[a]||function(){(c[a].q=c[a].q||[]).push(arguments)};t=l.createElement(r);t.async=1;\n\t\t\tt.src=\"https:\/\/www.clarity.ms\/tag\/\"+i+\"?ref=aioseo\";y=l.getElementsByTagName(r)[0];y.parentNode.insertBefore(t,y);\n\t\t})(window, document, \"clarity\", \"script\", \"v74e4fvqvw\");\n\t\t<\/script>\n\t\t<!-- All in One SEO Pro -->\r\n\t\t<title>Miniwalker T10 Pro+70 km\/h 120 kg TFT LCD - Bikey Fasty<\/title>\n\n","aioseo_head_json":{"title":"Miniwalker T10 Pro+70 km\/h 120 kg TFT LCD - Bikey Fasty","description":"Entfessle die Kraft: Der Miniwalker T10 Pro+ E-Scooter ist mit zwei leistungsstarken 1200W Nabenmotoren ausgestattet. Erlebe das Gef\u00fchl von Freiheit, w\u00e4hrend du","canonical_url":"https:\/\/bikeyfasty.store\/index.php\/produkt\/miniwalker-t10-pro\/","robots":"max-image-preview:large","keywords":"","webmasterTools":{"google-site-verification":"leF1qydUwZM4hbNEWkzXBgJ5cwNBnthZjCldnstJI-8","msvalidate.01":"F4CE253B53A296EF4B982618F43BD699","yandex-verification":"2c6c63eaf20e4d4b","miscellaneous":""},"schema":{"@context":"https:\/\/schema.org","@graph":[{"@type":"BreadcrumbList","@id":"https:\/\/bikeyfasty.store\/index.php\/produkt\/miniwalker-t10-pro\/#breadcrumblist","itemListElement":[{"@type":"ListItem","@id":"https:\/\/bikeyfasty.store#listItem","position":1,"name":"Start","item":"https:\/\/bikeyfasty.store","nextItem":{"@type":"ListItem","@id":"https:\/\/bikeyfasty.store\/index.php\/geschaft\/#listItem","name":"Gesch\u00e4ft"}},{"@type":"ListItem","@id":"https:\/\/bikeyfasty.store\/index.php\/geschaft\/#listItem","position":2,"name":"Gesch\u00e4ft","item":"https:\/\/bikeyfasty.store\/index.php\/geschaft\/","nextItem":{"@type":"ListItem","@id":"https:\/\/bikeyfasty.store\/index.php\/produkt-kategorie\/e-lieferroller\/#listItem","name":"E-Lieferroller"},"previousItem":{"@type":"ListItem","@id":"https:\/\/bikeyfasty.store#listItem","name":"Start"}},{"@type":"ListItem","@id":"https:\/\/bikeyfasty.store\/index.php\/produkt-kategorie\/e-lieferroller\/#listItem","position":3,"name":"E-Lieferroller","item":"https:\/\/bikeyfasty.store\/index.php\/produkt-kategorie\/e-lieferroller\/","nextItem":{"@type":"ListItem","@id":"https:\/\/bikeyfasty.store\/index.php\/produkt\/miniwalker-t10-pro\/#listItem","name":"Miniwalker T10 Pro+70 km\/h 120 kg TFT LCD"},"previousItem":{"@type":"ListItem","@id":"https:\/\/bikeyfasty.store\/index.php\/geschaft\/#listItem","name":"Gesch\u00e4ft"}},{"@type":"ListItem","@id":"https:\/\/bikeyfasty.store\/index.php\/produkt\/miniwalker-t10-pro\/#listItem","position":4,"name":"Miniwalker T10 Pro+70 km\/h 120 kg TFT LCD","previousItem":{"@type":"ListItem","@id":"https:\/\/bikeyfasty.store\/index.php\/produkt-kategorie\/e-lieferroller\/#listItem","name":"E-Lieferroller"}}]},{"@type":"ItemPage","@id":"https:\/\/bikeyfasty.store\/index.php\/produkt\/miniwalker-t10-pro\/#itempage","url":"https:\/\/bikeyfasty.store\/index.php\/produkt\/miniwalker-t10-pro\/","name":"Miniwalker T10 Pro+70 km\/h 120 kg TFT LCD - Bikey Fasty","description":"Entfessle die Kraft: Der Miniwalker T10 Pro+ E-Scooter ist mit zwei leistungsstarken 1200W Nabenmotoren ausgestattet. Erlebe das Gef\u00fchl von Freiheit, w\u00e4hrend du","inLanguage":"de-DE","isPartOf":{"@id":"https:\/\/bikeyfasty.store\/#website"},"breadcrumb":{"@id":"https:\/\/bikeyfasty.store\/index.php\/produkt\/miniwalker-t10-pro\/#breadcrumblist"},"image":{"@type":"ImageObject","url":"https:\/\/bikeyfasty.store\/wp-content\/uploads\/2025\/04\/fggffgfgfgfg.webp","@id":"https:\/\/bikeyfasty.store\/index.php\/produkt\/miniwalker-t10-pro\/#mainImage","width":500,"height":500},"primaryImageOfPage":{"@id":"https:\/\/bikeyfasty.store\/index.php\/produkt\/miniwalker-t10-pro\/#mainImage"},"datePublished":"2025-04-21T15:07:47+02:00","dateModified":"2026-02-19T20:20:21+01:00"},{"@type":"Organization","@id":"https:\/\/bikeyfasty.store\/#organization","name":"#Bikey Fasty BIKEY FASTY","description":"Die bestenIhre besten Fahrr\u00e4der Deine elektrische Mobilit\u00e4t beginnt hier Die Zukunft der Mobilit\u00e4t \u2013 heute","url":"https:\/\/bikeyfasty.store\/","email":"contact@bikeyfasty.store","telephone":"+4915510400141","foundingDate":"1945-11-29","numberOfEmployees":{"@type":"QuantitativeValue","value":27},"logo":{"@type":"ImageObject","url":"https:\/\/bikeyfasty.store\/wp-content\/uploads\/2026\/01\/unnamed-file.png","@id":"https:\/\/bikeyfasty.store\/index.php\/produkt\/miniwalker-t10-pro\/#organizationLogo","width":616,"height":447,"caption":"( ( ( ( ("},"image":{"@id":"https:\/\/bikeyfasty.store\/index.php\/produkt\/miniwalker-t10-pro\/#organizationLogo"},"address":{"@id":"https:\/\/bikeyfasty.store\/#postaladdress","@type":"PostalAddress","streetAddress":"Karl-Liebknecht-Str. 13,","postalCode":"10178","addressLocality":"Berlin","addressRegion":"Berlin","addressCountry":"DE"}},{"@type":"WebPage","@id":"https:\/\/bikeyfasty.store\/index.php\/produkt\/miniwalker-t10-pro\/#webpage","url":"https:\/\/bikeyfasty.store\/index.php\/produkt\/miniwalker-t10-pro\/","name":"Miniwalker T10 Pro+70 km\/h 120 kg TFT LCD - Bikey Fasty","description":"Entfessle die Kraft: Der Miniwalker T10 Pro+ E-Scooter ist mit zwei leistungsstarken 1200W Nabenmotoren ausgestattet. Erlebe das Gef\u00fchl von Freiheit, w\u00e4hrend du","inLanguage":"de-DE","isPartOf":{"@id":"https:\/\/bikeyfasty.store\/#website"},"breadcrumb":{"@id":"https:\/\/bikeyfasty.store\/index.php\/produkt\/miniwalker-t10-pro\/#breadcrumblist"},"image":{"@type":"ImageObject","url":"https:\/\/bikeyfasty.store\/wp-content\/uploads\/2025\/04\/fggffgfgfgfg.webp","@id":"https:\/\/bikeyfasty.store\/index.php\/produkt\/miniwalker-t10-pro\/#mainImage","width":500,"height":500},"primaryImageOfPage":{"@id":"https:\/\/bikeyfasty.store\/index.php\/produkt\/miniwalker-t10-pro\/#mainImage"},"datePublished":"2025-04-21T15:07:47+02:00","dateModified":"2026-02-19T20:20:21+01:00"},{"@type":"WebSite","@id":"https:\/\/bikeyfasty.store\/#website","url":"https:\/\/bikeyfasty.store\/","name":"Bikey Fasty","description":"Die bestenIhre besten Fahrr\u00e4der","inLanguage":"de-DE","publisher":{"@id":"https:\/\/bikeyfasty.store\/#organization"}}]},"og:locale":"de_DE","og:site_name":"Bikey Fasty - Die bestenIhre besten Fahrr\u00e4der","og:type":"article","og:title":"Miniwalker T10 Pro+70 km\/h 120 kg TFT LCD - Bikey Fasty","og:description":"Entfessle die Kraft: Der Miniwalker T10 Pro+ E-Scooter ist mit zwei leistungsstarken 1200W Nabenmotoren ausgestattet. Erlebe das Gef\u00fchl von Freiheit, w\u00e4hrend du","og:url":"https:\/\/bikeyfasty.store\/index.php\/produkt\/miniwalker-t10-pro\/","og:image":"https:\/\/bikeyfasty.store\/wp-content\/uploads\/2026\/01\/unnamed-file.png","og:image:secure_url":"https:\/\/bikeyfasty.store\/wp-content\/uploads\/2026\/01\/unnamed-file.png","og:image:width":616,"og:image:height":447,"article:published_time":"2025-04-21T13:07:47+00:00","article:modified_time":"2026-02-19T19:20:21+00:00","twitter:card":"summary_large_image","twitter:title":"Miniwalker T10 Pro+70 km\/h 120 kg TFT LCD - Bikey Fasty","twitter:description":"Entfessle die Kraft: Der Miniwalker T10 Pro+ E-Scooter ist mit zwei leistungsstarken 1200W Nabenmotoren ausgestattet. Erlebe das Gef\u00fchl von Freiheit, w\u00e4hrend du","twitter:image":"https:\/\/bikeyfasty.store\/wp-content\/uploads\/2026\/01\/unnamed-file.png"},"aioseo_meta_data":{"post_id":"20248","title":null,"description":null,"keywords":null,"keyphrases":{"focus":{"keyphrase":"","score":0,"analysis":{"keyphraseInTitle":{"score":0,"maxScore":9,"error":1}}},"additional":[]},"primary_term":null,"canonical_url":null,"og_title":null,"og_description":null,"og_object_type":"default","og_image_type":"default","og_image_url":null,"og_image_width":null,"og_image_height":null,"og_image_custom_url":null,"og_image_custom_fields":null,"og_video":"","og_custom_url":null,"og_article_section":null,"og_article_tags":null,"twitter_use_og":false,"twitter_card":"default","twitter_image_type":"default","twitter_image_url":null,"twitter_image_custom_url":null,"twitter_image_custom_fields":null,"twitter_title":null,"twitter_description":null,"schema":{"blockGraphs":[],"customGraphs":[],"default":{"data":{"Article":[],"Course":[],"Dataset":[],"FAQPage":[],"Movie":[],"Person":[],"Product":[],"ProductReview":[],"Car":[],"Recipe":[],"Service":[],"SoftwareApplication":[],"WebPage":[]},"graphName":"ItemPage","isEnabled":true},"graphs":[]},"schema_type":"default","schema_type_options":null,"pillar_content":false,"robots_default":true,"robots_noindex":false,"robots_noarchive":false,"robots_nosnippet":false,"robots_nofollow":false,"robots_noimageindex":false,"robots_noodp":false,"robots_notranslate":false,"robots_max_snippet":"-1","robots_max_videopreview":"-1","robots_max_imagepreview":"large","priority":null,"frequency":"default","local_seo":null,"seo_analyzer_scan_date":"2026-02-19 19:23:17","breadcrumb_settings":null,"limit_modified_date":false,"reviewed_by":"0","open_ai":null,"ai":{"faqs":[],"keyPoints":[],"titles":[],"descriptions":[],"socialPosts":{"email":[],"linkedin":[],"twitter":[],"facebook":[],"instagram":[]}},"created":"2025-05-01 09:37:02","updated":"2026-02-19 19:23:17"},"aioseo_breadcrumb":"<div class=\"aioseo-breadcrumbs\"><span class=\"aioseo-breadcrumb\">\n\t<a href=\"https:\/\/bikeyfasty.store\" title=\"Start\">Start<\/a>\n<\/span><span class=\"aioseo-breadcrumb-separator\">\u00bb<\/span><span class=\"aioseo-breadcrumb\">\n\t<a href=\"https:\/\/bikeyfasty.store\/index.php\/geschaft\/\" title=\"Gesch\u00e4ft\">Gesch\u00e4ft<\/a>\n<\/span><span class=\"aioseo-breadcrumb-separator\">\u00bb<\/span><span class=\"aioseo-breadcrumb\">\n\t<a href=\"https:\/\/bikeyfasty.store\/index.php\/produkt-kategorie\/e-lieferroller\/\" title=\"E-Lieferroller\">E-Lieferroller<\/a>\n<\/span><span class=\"aioseo-breadcrumb-separator\">\u00bb<\/span><span class=\"aioseo-breadcrumb\">\n\tMiniwalker T10 Pro+70 km\/h 120 kg TFT LCD\n<\/span><\/div>","aioseo_breadcrumb_json":[{"label":"Start","link":"https:\/\/bikeyfasty.store"},{"label":"Gesch\u00e4ft","link":"https:\/\/bikeyfasty.store\/index.php\/geschaft\/"},{"label":"E-Lieferroller","link":"https:\/\/bikeyfasty.store\/index.php\/produkt-kategorie\/e-lieferroller\/"},{"label":"Miniwalker T10 Pro+70 km\/h 120 kg TFT LCD","link":"https:\/\/bikeyfasty.store\/index.php\/produkt\/miniwalker-t10-pro\/"}],"_links":{"self":[{"href":"https:\/\/bikeyfasty.store\/index.php\/wp-json\/wp\/v2\/product\/20248","targetHints":{"allow":["GET"]}}],"collection":[{"href":"https:\/\/bikeyfasty.store\/index.php\/wp-json\/wp\/v2\/product"}],"about":[{"href":"https:\/\/bikeyfasty.store\/index.php\/wp-json\/wp\/v2\/types\/product"}],"replies":[{"embeddable":true,"href":"https:\/\/bikeyfasty.store\/index.php\/wp-json\/wp\/v2\/comments?post=20248"}],"version-history":[{"count":5,"href":"https:\/\/bikeyfasty.store\/index.php\/wp-json\/wp\/v2\/product\/20248\/revisions"}],"predecessor-version":[{"id":53235,"href":"https:\/\/bikeyfasty.store\/index.php\/wp-json\/wp\/v2\/product\/20248\/revisions\/53235"}],"wp:featuredmedia":[{"embeddable":true,"href":"https:\/\/bikeyfasty.store\/index.php\/wp-json\/wp\/v2\/media\/20249"}],"wp:attachment":[{"href":"https:\/\/bikeyfasty.store\/index.php\/wp-json\/wp\/v2\/media?parent=20248"}],"wp:term":[{"taxonomy":"product_brand","embeddable":true,"href":"https:\/\/bikeyfasty.store\/index.php\/wp-json\/wp\/v2\/product_brand?post=20248"},{"taxonomy":"product_cat","embeddable":true,"href":"https:\/\/bikeyfasty.store\/index.php\/wp-json\/wp\/v2\/product_cat?post=20248"},{"taxonomy":"product_tag","embeddable":true,"href":"https:\/\/bikeyfasty.store\/index.php\/wp-json\/wp\/v2\/product_tag?post=20248"}],"curies":[{"name":"wp","href":"https:\/\/api.w.org\/{rel}","templated":true}]}}